46
In base 13, what is -b - 24?
-32
In base 13, what is 5 - 1c8?
-1c3
In base 2, what is -100 + -100011100?
-100100000
In base 5, what is 111 + 3103?
3214
In base 13, what is 5b - -b?
69
In base 4, what is -11 - 211200?
-211211
In base 8, what is 211 - -1?
212
In base 4, what is -32121 + 1?
-32120
In base 11, what is 95 + 7?
a1
In base 2, what is -11 + -1011011?
-1011110
In base 10, what is -11 + 113?
102
In base 16, what is 3 + 16a?
16d
In base 16, what is -3 + -cbf?
-cc2
In base 14, what is -a7 - -2?
-a5
In base 13, what is -347 - -5?
-342
In base 13, what is 1 - 9ba?
-9b9
In base 11, what is 288 + 2?
28a
In base 10, what is 14 + -227?
-213
In base 15, what is 11 - 1b0?
-19e
In base 2, what is -10 - -1000011010?
1000011000
In base 13, what is a42 - 5?
a3a
In base 16, what is 0 - -851?
851
In base 7, what is 120 + 313?
433
In base 12, what is 52 - 9?
45
In base 6, what is 125 + 244?
413
In base 16, what is -30 - -e?
-22
In base 14, what is 2 + -35d?
-35b
In base 3, what is 202 - -1111?
2020
In base 7, what is 4330 + -15?
4312
In base 16, what is 6 + -180?
-17a
In base 2, what is -1001 + -1100010?
-1101011
In base 8, what is 4 + -56?
-52
In base 13, what is 1 - -1?
2
In base 16, what is -3f3 + 2?
-3f1
In base 2, what is 1011 - -110011?
111110
In base 3, what is 102 - 1?
101
In base 16, what is -24 - -78?
54
In base 9, what is -3 - 345?
-348
In base 11, what is 6 + 36?
41
In base 5, what is -4 + -23441?
-24000
In base 4, what is -1 - 32130?
-32131
In base 15, what is 5c - -4?
61
In base 14, what is 38 - 2?
36
In base 15, what is 9 + 156?
160
In base 5, what is 12 + 40?
102
In base 14, what is -4 + 1668?
1664
In base 8, what is -20 + -3621?
-3641
In base 12, what is 4 + -58?
-54
In base 11, what is 39 + 23?
61
In base 12, what is -a - -79?
6b
In base 3, what is -2221021 + -12?
-2221110
In base 10, what is 748 - -1?
749
In base 9, what is 213 - -7?
221
In base 6, what is 4054 + 2?
4100
In base 16, what is -fa - -2?
-f8
In base 4, what is 23 - -20?
103
In base 9, what is 4 - 131?
-126
In base 7, what is -5 - 11?
-16
In base 11, what is 27 + -12?
15
In base 3, what is 1200201 - 10?
1200121
In base 3, what is 11 - -1201?
1212
In base 7, what is 4423 - -5?
4431
In base 11, what is 133 - -9?
141
In base 10, what is 5 - 188?
-183
In base 6, what is -133 + 0?
-133
In base 14, what is 5 + -514?
-50d
In base 9, what is -5 - -154?
148
In base 13, what is -5 + 2413?
240b
In base 3, what is 11 + -20121?
-20110
In base 6, what is 1 - -531?
532
In base 10, what is 4 - -42?
46
In base 16, what is -16 + -14?
-2a
In base 6, what is 2 + -34115?
-34113
In base 15, what is -167 - 10?
-177
In base 2, what is -11 + 111000000?
110111101
In base 14, what is -4 - 15b?
-161
In base 3, what is 1 - 12202?
-12201
In base 14, what is d + 376?
385
In base 10, what is 1345 + -3?
1342
In base 3, what is -11221201 + 12?
-11221112
In base 4, what is 2 + 132100?
132102
In base 16, what is -104 - -4?
-100
In base 11, what is -24005 - -5?
-24000
In base 6, what is -24 - -2?
-22
In base 5, what is -12 + 120?
103
In base 8, what is -123 + 0?
-123
In base 4, what is -3203 + -23?
-3232
In base 2, what is 1101 - -100100?
110001
In base 10, what is -44 - -16?
-28
In base 3, what is -10120 - -2?
-10111
In base 14, what is 3 - -d?
12
In base 12, what is 150 - 49?
103
In base 13, what is -9 + -9?
-15
In base 8, what is 33227 + -1?
33226
In base 3, what is 1000100 + -12?
1000011
In base 2, what is -10000 - -110011?
100011
In base 2, what is -1 - 1000111?
-1001000
In base 16, what is a + e4?
ee
In base 13, what is 3540 + 2?
3542
In base 6, what is 3 + 151?
154
In base 8, what is 61115 - -5?
61122
In base 9, what is -20 - 4?
-24
In base 11, what is -209 - -5?
-204
In base 5, what is 21342 + -12?
21330
In base 11, what is 551 + 3?
554
In base 8, what is 6 + -43?
-35
In base 10, what is 65 + 108?
173
In base 5, what is 1040 - 1021?
14
In base 13, what is 4 + -2bb?
-2b7
In base 4, what is 230332 - -1?
230333
In base 2, what is -100100 + 100011?
-1
In base 3, what is -12020 - -112?
-11201
In base 8, what is -3 - 412?
-415
In base 16, what is 161 - 6?
15b
In base 12, what is 285 + -b?
276
In base 3, what is 1200112 - 1?
1200111
In base 4, what is 333 - 0?
333
In base 2, what is -111110010010 - -100?
-111110001110
In base 10, what is -6 - -3?
-3
In base 14, what is 3 - -2892?
2895
In base 5, what is 411 - -13?
424
In base 8, what is -224 + 5?
-217
In base 14, what is 4da4 + 4?
4da8
In base 5, what is -10 + 1304?
1244
In base 2, what is 10001 - -10001?
100010
In base 7, what is -254 - 60?
-344
In base 7, what is 5 - 26?
-21
In base 13, what is c - -28?
37
In base 9, what is 8 - 120?
-111
In base 5, what is -1 - 34?
-40
In base 5, what is 4420 + 4?
4424
In base 14, what is 1113 + -4?
110d
In base 5, what is -13 + 414?
401
In base 15, what is 2 - -20?
22
In base 13, what is 8 - 6?
2
In base 11, what is 11a + -3?
117
In base 9, what is -2 - -554?
552
In base 10, what is 1 - -127?
128
In base 6, what is 3155 + 3?
3202
In base 12, what is 1189 - 3?
1186
In base 5, what is 2241 - -2?
2243
In base 14, what is 24 + 4?
28
In base 10, what is 4 + -3928?
-3924
In base 16, what is 2 + -1135?
-1133
In base 13, what is -3b1 - a?
-3bb
In base 5, what is -4 - 1003?
-1012
In base 11, what is 33 - -1?
34
In base 3, what is -102211120 - -12?
-102211101
In base 9, what is -12 + -230?
-242
In base 6, what is -10 + 4302?
4252
In base 7, what is 21 + 22?
43
In base 16, what is 1 + 83d?
83e
In base 16, what is -4 - c89?
-c8d
In base 14, what is -3 + 2843?
2840
In base 9, what is -5 - -4206?
4201
In base 11, what is -5 + -3?
-8
In base 8, what is 251 + 16?
267
In base 9, what is 102 - -1?
103
In base 15, what is 4 + -1a3?
-19e
In base 10, what is 34 + 5?
39
In base 3, what is 21111 + -1021?
20020
In base 15, what is 5d4 - 1?
5d3
In base 9, what is -652 - 0?
-652
In base 8, what is -1 - -236?
235
In base 4, what is -12 - -1032?
1020
In base 13, what is -199 + 2?
-197
In base 8, what is -155 - 5?
-162
In base 10, what is 168 + -4?
164
In base 11, what is -1 + 44?
43
In base 4, what is 23233 + -1?
23232
In base 15, what is -3656 - 4?
-365a
In base 3, what is -2120 + -2?
-2122
In base 3, what is -120 + -1010?
-1200
In base 12, what is 8a23 + -1?
8a22
In base 15, what is -5 - -168?
163
In base 6, what is -4 - 355?
-403
In base 8, what is -144 - 31?
-175
In base 9, what is -3536 + 2?
-3534
In base 13, what is 5 + -2c0?
-2b8
In base 11, what is -17 + 22?
6
In base 6, what is 20 + -212?
-152
In base 9, what is 670 + -5?
664
In base 15, what is -350 + 1?
-34e
In base 7, what is -52 - -13?
-36
In base 11, what is -5 - 58?
-62
In base 12, what is -4 + -164?
-168
In base 5, what is -2143124 - -3?
-2143121
In base 6, what is 1 + -2443?
-2442
In base 2, what is -10 - -100101?
100011
In base 6, what is -3 - -51?
44
In base 11, what is -34 + 73?
3a
In base 16, what is 1 - 3?
-2
In base 3, what is 11 + 102010021?
102010102
In base 6, what is -10222 - 10?
-10232
In base 7, what is 2035 - -6?
2044
In base 10, what is 4 + 5258?
5262
In base 5, what is -1 + 340?
334
In base 4, what is 3 + -221?
-212
In base 4, what is 10 + 100?
110
In base 7, what is -1531 - -4?
-1524
In base 3, what is -20 - -1212?
1122
In base 15, what is -3 - -1aa?
1a7
In base 4, what is -112023 + 2?
-112021
In base 11, what is -3 - -238?
235
In base 11, what is 1 - 437?
-436
In base 12, what is -2 + 0?
-2
In base 16, what is 36 - -35?
6b
In base 11, what is -52 - -1?
-51
In base 14, what is 16 + -6?
10
In base 9, what is 52 + 3?
55
In base 9, what is 2 + -167?
-165
In base 3, what is 11 + 20110?
20121
In base 2, what is -110111 - 1111?
-1000110
In base 10, what is 2 - -430?
432
In base 11, what is -52 + 152?
100
In base 5, what is 12 - -3412?
3424
In base 5, what is 1113 - -312?
1430
In base 9, what is 5 + 15?
21
In base 2, what is 111010111011 - -101?
111011000000
In base 4, what is 0 + -323?
-323
In base 6, what is 3 - 144?
-141
In base 8, what is -17 + -176?
-215
In base 9, what is 3 - 313?
-310
In base 8, what is 102 - -37?
141
In base 11, what is -15 + -94?
-a9
In base 12, what is -4 + -4b?
-53
In base 4, what is -2 + 1013?
1011
In base 14, what is -6 - 2?
-8
In base 6, what is -21 + -132?
-153
In base 14, what is 4 + -17b3?
-17ad
In base 11, what is -1a + -2?
-21
In